{"id":102,"date":"2015-06-24T10:57:02","date_gmt":"2015-06-24T10:57:02","guid":{"rendered":"https:\/\/www.havensvenner.dk\/?page_id=102"},"modified":"2015-10-27T19:28:58","modified_gmt":"2015-10-27T19:28:58","slug":"planteliste-fra-2007","status":"publish","type":"page","link":"https:\/\/www.havensvenner.dk\/?page_id=102","title":{"rendered":"Planteliste fra 2007"},"content":{"rendered":"<figure id=\"attachment_117\" aria-describedby=\"caption-attachment-117\" style=\"width: 300px\" class=\"wp-caption aligncenter\"><a href=\"https:\/\/www.havensvenner.dk\/wp-content\/uploads\/2015\/06\/image.jpeg\"><img loading=\"lazy\" decoding=\"async\" src=\"https:\/\/www.havensvenner.dk\/wp-content\/uploads\/2015\/06\/image-300x225.jpeg\" alt=\"J\u00f8rn Palle Schmidt og Lulu Salto Stephensen\" width=\"300\" height=\"225\" class=\"size-medium wp-image-117\" srcset=\"https:\/\/www.havensvenner.dk\/wp-content\/uploads\/2015\/06\/image-300x225.jpeg 300w, https:\/\/www.havensvenner.dk\/wp-content\/uploads\/2015\/06\/image-1024x768.jpeg 1024w\" sizes=\"auto, (max-width: 300px) 100vw, 300px\" \/><\/a><figcaption id=\"caption-attachment-117\" class=\"wp-caption-text\">J\u00f8rn Palle Schmidt og Lulu Salto Stephensen<\/figcaption><\/figure>\n<p>K\u00e6re Lulu &#038; Hennes Salto Stephensen\u200b13. 4. 2007<\/p>\n<p>Om G. N. Brandt\u00b4s have af J\u00f8rn Palle Schmidt<\/p>\n<p>Erindringsbilleder fra haven. Daglig var jeg i haven fra 1. maj 1950 \u2013 31. juli 1952. ~<\/p>\n<p>Stadsgartner og Landskabsarkitekten Aksel Andersen havde bolig og have som embedsbolig fra sin udn\u00e6vnelse i 1945 som Stadsgartner i Gentofte Kommune.<br \/>\nAksel Andersen have sit kontor i boligen. P\u00e5 nabogrunden have kommunen: Overgartner og afdelingsgartnere deres kontorer. Tillige var der her ogs\u00e5 garageanl\u00e6g og depotplads. Bygninger p\u00e5 nabogrunden var primitive barakbygninger. Aksel Andersen havde sin daglige gang her. Aksel Andersen var um\u00e5delig dygtig til at s\u00f8rge for pleje og forsigtigt forynge havens store plantemateriale. Den var ikke offentlig adgang til haven. Den blev betragtet som n\u00e6rt knyttet til embedsboligen. \u2013<br \/>\nFra \u00d8RNEKULSVEJ 3, ORDRUP f\u00f8rte en buet asfalteret sti op til husets hovedd\u00f8r som var ca. \u00bd etage over terr\u00e6n. Stien var omkring 40-50 m lang. Tv\u00e6rsnittet var: H\u00c6K, 3 \u00bd &#8211; 4 m plantning, \u00be m gr\u00e6s, asfaltsti 1 \u00bc m bred, gr\u00e6s \u00be m og igen 3\u00bd &#8211; 4 m plantning og H\u00c6K mod Ordrup Kirkegaard. Plantningerne p\u00e5 begge sider af stien var meget smuk underplantning \u2013 spredte tr\u00e6er og buske. Tr\u00e6er: Robinia, 1 Larix, 1 Malus, 1 Prunus ?, 1 Crataegus og nogle andre som jeg ikke kan huske. Buske: Kolkwitzia, Forsythia, Cotoneaster salicifolia, Viburnum, Chaenomeles, Hydrangea, Syringa, Tamarix m.fl. Buskene stod spredt og der var fint lys til en um\u00e5delig fin bundbeplantning der bl.a. bestod af: Euonymus fortunei, Asarum europaeum, Vinca minor, Hydrangea petiolaris, Hedera helix, Epimedium sulphurium, Helleborus niger, Pachysandra, Primula florindae, Digitalis, Adonis m.fl. ogs\u00e5 mange l\u00f8gv\u00e6kster; is\u00e6r store liljer. Sidste f\u00e5 meter op til hovedd\u00f8ren var der i hele havens l\u00e6ngde et fint gr\u00f8nt rum (gr\u00e6s) afgr\u00e6nset med veltilvokset raftehegn p\u00e5 den ene side. P\u00e5 den anden side en Ligusterh\u00e6k. \u2013 og nu til selve haven:<br \/>\nFra huset f\u00f8rst et afsnit med f\u00e5 smukke frugttr\u00e6er og langs siden en str\u00e5t\u00e6kket \u00e5ben siddeplads (lysthus). N\u00e6ste afsnit var haven med gr\u00f8ften, og LEDA med Svanen. Enkelte buske f.eks. 1 Viburnum carlesii, 1 Euonymus alata, 1 Exocorda, 1 Hamamelis m. fl. En masse stauder: Caltha, Bergenia, Iris, Hosta, Trollius, Ranunculus, Rodgersia, Rheum, Primula, Myosotis, Incarvillea, Iberis og div. L\u00f8gv\u00e6kster. En Acanthus og en Eremurus.<br \/>\nP\u00e5 stendiget (lavt) op til frugttr\u00e6erne var der Sedum, Saxifraga, Azorella Sempervivum, Lysimachia numularia m. flere.<\/p>\n<p>Haven sluttede med Skovhaven, der lige som havens andre afsnit var um\u00e5delig righoldig i hele sit fremtoningspr\u00e6g. (se planteliste) Elegant og b\u00e5ret af G. N. Brandts klare tanker.<br \/>\nDen have m\u00e5 ikke fortabes. Byg et nyt hus p\u00e5 grunden og udf\u00f8r total renovering med kyndig n\u00e6nsom h\u00e5nd.<br \/>\nEn bolig og en have kan da gives som \u00e6resbolig for et h\u00e6derkronet menneske, der kan benytte det efter lyst, idet huset ogs\u00e5 skal v\u00e6re bosted for et husholderpar.<br \/>\nAlt m\u00e5 plejes af Gentofte Kommune. Offentlig adgang; kun april \u2013 efter\u00e5rsferien \u2013 hver onsdag fra 14 \u2013 18.<br \/>\nJeg tror, \u00f8nsker og h\u00e5ber p\u00e5 at Gentofte Kommune vil tage vare p\u00e5 G. N. B.\u00b4s europakendte have.<\/p>\n<p>\u200b Til Lulu<br \/>\n\u200bApril 2007<\/p>\n<p>J. P. Schmidt, Professor, Landskabsarkitekt M.D.L.\u200bMaskinskrevet den 2. 4. 07<\/p>\n<p>G. N. BRANDT\u00b4S HAVE<br \/>\n\u00d8RNEKULSVEJ 3<br \/>\n2920 CHARLOTTENLUND<\/p>\n<p>Liste over planterne i haven i perioden 1950 \u2013 51 og 52.<br \/>\nHaven h\u00f8rte da til: AKSEL ANDERSEN\u00b4S embedsgartnerbolig. Haven var ikke tilg\u00e6ngelig for publikum.<\/p>\n<p>Fra min (J.P.S\u00b4s) tid hos AKSEL A. har jeg mange notater om havens planter. Dertil mine erindringer. Jeg kom daglig i gennem 2 \u00e5r hos AKSEL A. \u2013 Der var ansat gartner til en overm\u00e5de fin forvaltning. \u2013 Den ny t\u00e6nkning G. N. B. havde lagt for dagen ved planl\u00e6gningen og anl\u00e6g af haven var da blevet kendt i landskabsarkitekt \u2013 og arkitekt-fagkredse i store dele af EUROPA. \u2013<\/p>\n<p>Ingen kunne bedre end AKSEL A. se G. N. B\u00b4 haves kvaliteter og havens forvaltning var da i de bedst t\u00e6nkelige h\u00e6nder.<\/p>\n<p>LISTEN over de planter haven rummede er maget lang.<br \/>\nOpdelt efter de forskellige haveafsnit husker jeg forekomsterne af: TR\u00c6ER, BUSKE, STAUDER, L\u00d8G- OG KNOLDV\u00c6KSTER.<\/p>\n<p>A. Indgangsomr\u00e5det fra \u00d8rnekulsvej 3 til huset:<\/p>\n<p>1 Robinia pseudoacasia<br \/>\n1 Larix decidua<br \/>\n  Crataegus monogyna (nogle f\u00e5)<br \/>\n  Prunus subhirtella (3-4 stk.)<br \/>\n1 Malus<br \/>\n1 Laburnum anagyroides<br \/>\n  Syringa hybr. Mme. Lemoine<br \/>\n  Cotoneaster salicifolia<br \/>\n  Kolkwitzia amabelis<br \/>\n  Viburnum opulus sterile<br \/>\n1 Forsythia fortunei<br \/>\n1. Hydrangea paniculata<br \/>\n1 Tamerix pentandra<br \/>\n  Chaenomeles hybr. (flere)<br \/>\n  Euonymus fortunei    (som bund)<br \/>\n  Hydrangea petiolaris         \u201d<br \/>\n  Hedera helix                      \u201d<br \/>\n  Epimedium rubrum           \u201c<br \/>\n  Asarum europaerum          \u201d<br \/>\n  Cotoneaster dammeri         \u201c<br \/>\n  Omphalodes verna             \u201c<br \/>\n  Asperula odorata                \u201c<br \/>\n  Vinca minor                       \u201d<br \/>\n  Lillium hansonii<br \/>\n  Lillium regale<br \/>\n  Lillium candidum<br \/>\n  Lillium martagon<br \/>\n  Galanthus nivalis<br \/>\n  Galanthus elwisii<br \/>\n  Leucojum verna<br \/>\n  Tulipa silvestris<br \/>\n  Tulipa dasystemon<br \/>\n  Tulipa tarda<br \/>\n  Narcissus \u00b4February Gold\u00b4<\/p>\n<p>Ved husets hovedd\u00f8r: et par store<br \/>\n  Taxus baccata<\/p>\n<p>F\u00f8rste haverum fra huset:<br \/>\nEt par velformede store \u00e6bletr\u00e6er<br \/>\nI gr\u00e6sset:<br \/>\nScilla sibirica          (i m\u00e6ngder)<br \/>\nChinodoxa               (i m\u00e6ngder)<br \/>\nPuschkinia libanotica (i m\u00e6ngder)<br \/>\nMatteuccia struthiopteris<\/p>\n<p>Opad huset: slyngplanter: ? Jeg husker ikke klart hvilke<\/p>\n<p>Andet haverum m. gr\u00f8ften:<br \/>\nBergenia cordata<br \/>\nCaltha palustris<br \/>\nAdonis amurensis<br \/>\nDoronicum plantagineum<br \/>\nPrimula florindae<br \/>\nAnemone japonica \u00b4Honorine Jobert\u00b4<br \/>\nAlchemilla mollis<br \/>\nArum maculatum<br \/>\nDicentra spectabilis<br \/>\nMyosotis palustris<br \/>\nRodgersia aescularifolia<br \/>\nIris germanica<br \/>\nIris pumila<br \/>\nDodecatheon meadia<br \/>\nAcanthus mollis (kun et par pl.)<br \/>\nAconitum \u00b4Spartas var.\u00b4<br \/>\nDelphinium grandiflorum<br \/>\nDigitalis purpurea \u00b4Alba\u00b4<br \/>\nGillinia trifoliata<br \/>\nEuonymus alata<br \/>\nRhododendron ? ?<br \/>\nCotoneaster salicifolius var. floccosus<br \/>\nExocorda racemosa<br \/>\nListen burde v\u00e6re l\u00e6ngere men jeg husker ikke mere.<br \/>\nDog var der stenbedsplanter p\u00e5 diget der st\u00f8ttede terr\u00e6nspringet fra 1. haverum.<\/p>\n<p>Tredje haverum- \u00b4Skovhaven\u00b4<br \/>\nBetula pendula   (nogle f\u00e5)<br \/>\nLarix decidua     (nogle f\u00e5)<br \/>\nTaxus baccata     (nogle f\u00e5)<br \/>\nPinus silvestris    (et par stykker)<br \/>\nThuja occidentalis  (bag h\u00e6k)<br \/>\nSkovbund meget righoldig:<br \/>\nAdiantum pedatum<br \/>\nAsperula odorata<br \/>\nConvallaria majalis<br \/>\nDodecatheon meadia<br \/>\nHylomecon japonica<br \/>\nGillenia trifoliata<br \/>\nEpimedium minor<br \/>\nCyclamen neapolitanum<br \/>\nHelleborus niger (og andre)<br \/>\nAnemone nemorosa<br \/>\nAnemone blanda<br \/>\nAsarum europaeum<br \/>\nTrillium grandiflorum<br \/>\nPrimula beesiana<br \/>\nPrimula florindae<br \/>\nPolygonatum multiflorum (f\u00e5)<br \/>\nHosta sp.<br \/>\nDerudover l\u00f8g og knolde:<br \/>\nLilium martagon<br \/>\nErythronium dens-canis<br \/>\nLeucojum aestivum<br \/>\nTulipa silvestris<br \/>\nLilium regale<br \/>\nNarcissus (jonquilla)<br \/>\nLeucojum verna (mange)<br \/>\nGalanthus elwesii (mange)<br \/>\nPuschkinia libanotica (spredt)<br \/>\nI skovhaven var ogs\u00e5 enkelte Azalia, Rhododendron, Hamamelis, Cornus mas, Daphne m.m.<\/p>\n<p>\u200b              J. Palle Schmidt<\/p>\n","protected":false},"excerpt":{"rendered":"<p>K\u00e6re Lulu &#038; Hennes Salto Stephensen\u200b13. 4. 2007 Om G. N. Brandt\u00b4s have af J\u00f8rn Palle Schmidt Erindringsbilleder fra haven. Daglig var jeg i haven fra 1. maj 1950 \u2013 31. juli 1952. ~ Stadsgartner og Landskabsarkitekten Aksel Andersen havde bolig og have som embedsbolig fra sin udn\u00e6vnelse i 1945 som Stadsgartner i Gentofte Kommune. &hellip; <a href=\"https:\/\/www.havensvenner.dk\/?page_id=102\" class=\"more-link\">L\u00e6s videre <span class=\"screen-reader-text\">Planteliste fra 2007<\/span> <span class=\"meta-nav\">&rarr;<\/span><\/a><\/p>\n","protected":false},"author":3,"featured_media":0,"parent":86,"menu_order":0,"comment_status":"open","ping_status":"open","template":"","meta":{"footnotes":""},"class_list":["post-102","page","type-page","status-publish","hentry"],"_links":{"self":[{"href":"https:\/\/www.havensvenner.dk\/index.php?rest_route=\/wp\/v2\/pages\/102","targetHints":{"allow":["GET"]}}],"collection":[{"href":"https:\/\/www.havensvenner.dk\/index.php?rest_route=\/wp\/v2\/pages"}],"about":[{"href":"https:\/\/www.havensvenner.dk\/index.php?rest_route=\/wp\/v2\/types\/page"}],"author":[{"embeddable":true,"href":"https:\/\/www.havensvenner.dk\/index.php?rest_route=\/wp\/v2\/users\/3"}],"replies":[{"embeddable":true,"href":"https:\/\/www.havensvenner.dk\/index.php?rest_route=%2Fwp%2Fv2%2Fcomments&post=102"}],"version-history":[{"count":4,"href":"https:\/\/www.havensvenner.dk\/index.php?rest_route=\/wp\/v2\/pages\/102\/revisions"}],"predecessor-version":[{"id":120,"href":"https:\/\/www.havensvenner.dk\/index.php?rest_route=\/wp\/v2\/pages\/102\/revisions\/120"}],"up":[{"embeddable":true,"href":"https:\/\/www.havensvenner.dk\/index.php?rest_route=\/wp\/v2\/pages\/86"}],"wp:attachment":[{"href":"https:\/\/www.havensvenner.dk\/index.php?rest_route=%2Fwp%2Fv2%2Fmedia&parent=102"}],"curies":[{"name":"wp","href":"https:\/\/api.w.org\/{rel}","templated":true}]}}