{"id":207,"date":"2016-07-18T15:01:15","date_gmt":"2016-07-18T15:01:15","guid":{"rendered":"https:\/\/www.havensvenner.dk\/?page_id=207"},"modified":"2016-07-18T15:03:53","modified_gmt":"2016-07-18T15:03:53","slug":"tysk-selskab-for-havekultur-paa-besoeg","status":"publish","type":"page","link":"https:\/\/www.havensvenner.dk\/?page_id=207","title":{"rendered":"Tysk selskab for havekultur p\u00e5 bes\u00f8g"},"content":{"rendered":"<p><strong>Tysk selskab for havekultur p\u00e5 bes\u00f8g i Brandts Have<\/strong><br \/>\nHans Ove Pedersen d. 23. juni 2016:<br \/>\nJeg klarede et 1\u00bd times foredrag p\u00e5 tysk om historien i Brandts Have. Jeg brugte s\u00e5 meget energi p\u00e5 at tale tysk, at plantenavnene var v\u00e6k. S\u00e5 lo de alle overb\u00e6rende, men da de jo selv var vidende om planter, kunne de underholde med de tyske plantenavne; og jeg sagde bare ja.<\/p>\n<p>Margrethe Floyan forestod ekskursionen og det viste sig at eine kleine tasse cafe mit kucken und kaltes wasser\u201d var lige hvad de tr\u00e6ngte til, efter at have overst\u00e5et historien om filosofgangen.<\/p>\n","protected":false},"excerpt":{"rendered":"<p>Tysk selskab for havekultur p\u00e5 bes\u00f8g i Brandts Have Hans Ove Pedersen d. 23. juni 2016: Jeg klarede et 1\u00bd times foredrag p\u00e5 tysk om historien i Brandts Have. Jeg brugte s\u00e5 meget energi p\u00e5 at tale tysk, at plantenavnene var v\u00e6k. S\u00e5 lo de alle overb\u00e6rende, men da de jo selv var vidende om &hellip; <a href=\"https:\/\/www.havensvenner.dk\/?page_id=207\" class=\"more-link\">L\u00e6s videre <span class=\"screen-reader-text\">Tysk selskab for havekultur p\u00e5 bes\u00f8g<\/span> <span class=\"meta-nav\">&rarr;<\/span><\/a><\/p>\n","protected":false},"author":3,"featured_media":0,"parent":43,"menu_order":0,"comment_status":"closed","ping_status":"closed","template":"","meta":{"footnotes":""},"class_list":["post-207","page","type-page","status-publish","hentry"],"_links":{"self":[{"href":"https:\/\/www.havensvenner.dk\/index.php?rest_route=\/wp\/v2\/pages\/207","targetHints":{"allow":["GET"]}}],"collection":[{"href":"https:\/\/www.havensvenner.dk\/index.php?rest_route=\/wp\/v2\/pages"}],"about":[{"href":"https:\/\/www.havensvenner.dk\/index.php?rest_route=\/wp\/v2\/types\/page"}],"author":[{"embeddable":true,"href":"https:\/\/www.havensvenner.dk\/index.php?rest_route=\/wp\/v2\/users\/3"}],"replies":[{"embeddable":true,"href":"https:\/\/www.havensvenner.dk\/index.php?rest_route=%2Fwp%2Fv2%2Fcomments&post=207"}],"version-history":[{"count":4,"href":"https:\/\/www.havensvenner.dk\/index.php?rest_route=\/wp\/v2\/pages\/207\/revisions"}],"predecessor-version":[{"id":211,"href":"https:\/\/www.havensvenner.dk\/index.php?rest_route=\/wp\/v2\/pages\/207\/revisions\/211"}],"up":[{"embeddable":true,"href":"https:\/\/www.havensvenner.dk\/index.php?rest_route=\/wp\/v2\/pages\/43"}],"wp:attachment":[{"href":"https:\/\/www.havensvenner.dk\/index.php?rest_route=%2Fwp%2Fv2%2Fmedia&parent=207"}],"curies":[{"name":"wp","href":"https:\/\/api.w.org\/{rel}","templated":true}]}}