{"id":24,"date":"2015-04-14T13:08:46","date_gmt":"2015-04-14T13:08:46","guid":{"rendered":"https:\/\/www.havensvenner.dk\/?page_id=24"},"modified":"2015-11-01T08:32:36","modified_gmt":"2015-11-01T08:32:36","slug":"se-ogsaa-havens-facebookside","status":"publish","type":"page","link":"https:\/\/www.havensvenner.dk\/?page_id=24","title":{"rendered":"Se ogs\u00e5 havens Facebookside"},"content":{"rendered":"<figure id=\"attachment_51\" aria-describedby=\"caption-attachment-51\" style=\"width: 604px\" class=\"wp-caption aligncenter\"><a href=\"https:\/\/www.havensvenner.dk\/wp-content\/uploads\/2015\/04\/image5.jpg\"><img loading=\"lazy\" decoding=\"async\" class=\"wp-image-51 size-large\" src=\"https:\/\/www.havensvenner.dk\/wp-content\/uploads\/2015\/04\/image5-765x1024.jpg\" alt=\"For\u00e5r i haven lige nu\" width=\"604\" height=\"808\" srcset=\"https:\/\/www.havensvenner.dk\/wp-content\/uploads\/2015\/04\/image5-765x1024.jpg 765w, https:\/\/www.havensvenner.dk\/wp-content\/uploads\/2015\/04\/image5-224x300.jpg 224w, https:\/\/www.havensvenner.dk\/wp-content\/uploads\/2015\/04\/image5.jpg 1536w\" sizes=\"auto, (max-width: 604px) 100vw, 604px\" \/><\/a><figcaption id=\"caption-attachment-51\" class=\"wp-caption-text\">For\u00e5r i haven lige nu<\/figcaption><\/figure>\n<p><a title=\"G.N.Brandts Have\" href=\"https:\/\/www.facebook.com\/GNBrandtsHave\" target=\"_blank\">https:\/\/www.facebook.com\/GNBrandtsHave<\/a><\/p>\n<p><strong>Nu er haven ogs\u00e5 kommet p\u00e5 Instagram:<\/strong><\/p>\n<p><a href=\"http:\/\/instagram.com\/gnbrandtshave\" target=\"_blank\">F\u00f8lg \u00e5rets gang i foto fra G.N.Brandts Have<\/a><\/p>\n<p>&nbsp;<\/p>\n<p>&nbsp;<\/p>\n<p>&nbsp;<\/p>\n","protected":false},"excerpt":{"rendered":"<p>https:\/\/www.facebook.com\/GNBrandtsHave Nu er haven ogs\u00e5 kommet p\u00e5 Instagram: F\u00f8lg \u00e5rets gang i foto fra G.N.Brandts Have &nbsp; &nbsp; &nbsp;<\/p>\n","protected":false},"author":1,"featured_media":0,"parent":0,"menu_order":0,"comment_status":"open","ping_status":"open","template":"","meta":{"footnotes":""},"class_list":["post-24","page","type-page","status-publish","hentry"],"_links":{"self":[{"href":"https:\/\/www.havensvenner.dk\/index.php?rest_route=\/wp\/v2\/pages\/24","targetHints":{"allow":["GET"]}}],"collection":[{"href":"https:\/\/www.havensvenner.dk\/index.php?rest_route=\/wp\/v2\/pages"}],"about":[{"href":"https:\/\/www.havensvenner.dk\/index.php?rest_route=\/wp\/v2\/types\/page"}],"author":[{"embeddable":true,"href":"https:\/\/www.havensvenner.dk\/index.php?rest_route=\/wp\/v2\/users\/1"}],"replies":[{"embeddable":true,"href":"https:\/\/www.havensvenner.dk\/index.php?rest_route=%2Fwp%2Fv2%2Fcomments&post=24"}],"version-history":[{"count":6,"href":"https:\/\/www.havensvenner.dk\/index.php?rest_route=\/wp\/v2\/pages\/24\/revisions"}],"predecessor-version":[{"id":148,"href":"https:\/\/www.havensvenner.dk\/index.php?rest_route=\/wp\/v2\/pages\/24\/revisions\/148"}],"wp:attachment":[{"href":"https:\/\/www.havensvenner.dk\/index.php?rest_route=%2Fwp%2Fv2%2Fmedia&parent=24"}],"curies":[{"name":"wp","href":"https:\/\/api.w.org\/{rel}","templated":true}]}}